(base 10) in base 3?
211010010200
-5b790 (base 16) to base 14
-9a784
1927303 (base 10) to base 5
443133203
What is -165623 (base 11) in base 5?
-31200203
-1293b6 (base 14) to base 5
-130440400
-6892899 (base 11) to base 2
-101101111110101100100001
Convert -102523324 (base 7) to base 10.
-6090130
What is -11133341440 (base 5) in base 4?
-233110000321
5bbb1 (base 14) to base 16
36d3f
What is 6330043 (base 11) in base 9?
22883738
What is 2325620 (base 8) in base 16?
9ab90
Convert -128501 (base 11) to base 8.
-611563
1509b1 (base 12) to base 16
56695
Convert -11413545 (base 6) to base 8.
-1276651
What is 1110101011011000 (base 2) in base 10?
60120
Convert 2280728 (base 9) to base 11.
773194
What is -12ba878 (base 13) in base 10?
-5906987
-1423012 (base 5) to base 3
-1111211010
What is 31112243 (base 6) in base 8?
3326103
Convert -272816 (base 12) to base 14.
-12bd3c
634310 (base 7) to base 12
534ab
What is -290a1 (base 15) in base 9?
-220677
What is 9d8a6 (base 15) in base 3?
221110212110
8009108 (base 10) to base 6
443355112
-3050140 (base 6) to base 8
-436114
Convert -10470 (base 8) to base 16.
-1138
Convert 25b139 (base 13) to base 12.
37a5a7
10061 (base 9) to base 10
6616
-20201002212 (base 3) to base 14
-36186
What is 101011001111011000 (base 2) in base 16?
2b3d8
What is -3541e2 (base 15) in base 16?
-26d623
Convert 15355222 (base 7) to base 6.
51345311
Convert -101220110 (base 3) to base 4.
-1330032
What is 1124201 (base 6) in base 8?
161151
Convert 30503144 (base 6) to base 12.
364ab4
Convert -45850 (base 9) to base 3.
-1112221200
104213 (base 6) to base 14
326d
-465144 (base 9) to base 13
-9a1aa
a00368 (base 11) to base 4
12021103003
What is -44547426 (base 8) in base 13?
-1cbb379
Convert 111001010000100100 (base 2) to base 9.
386641
Convert -5216956 (base 10) to base 4.
-103321222330
Convert -1147e1 (base 16) to base 2.
-100010100011111100001
Convert -61a86 (base 11) to base 2.
-10110000101110001
24bb4 (base 15) to base 9
188027
Convert -2511205 (base 6) to base 10.
-133781
Convert 10111000100100011000110 (base 2) to base 6.
333343422
Convert 1053995 (base 13) to base 9.
10326282
What is 7e189 (base 16) in base 11?
323056
What is c6ea2 (base 16) in base 14?
172cca
Convert -1aa30c (base 15) to base 8.
-4753136
Convert 269bff (base 16) to base 6.
130122211
What is 3665441 (base 7) in base 2?
1110010110001110111
102323 (base 10) to base 16
18fb3
11331023 (base 4) to base 15
7365
Convert 11465263 (base 8) to base 7.
30254120
Convert b2ab24 (base 12) to base 5.
1204010031
Convert 29c225 (base 14) to base 13.
3bc1c6
What is 33364705 (base 8) in base 7?
115140533
-100100010010111100 (base 2) to base 4
-210102330
-65ef3 (base 16) to base 15
-83a9d
19c079 (base 16) to base 10
1687673
What is -10041400 (base 5) in base 10?
-80850
Convert 243210031 (base 5) to base 16.
11827c
-53502343 (base 6) to base 4
-12001201113
444477 (base 8) to base 7
1162542
-b624b (base 15) to base 5
-121441041
What is c140 (base 16) in base 14?
1405a
What is 507832 (base 11) in base 15?
1119ba
Convert 11375b (base 14) to base 5.
122222200
Convert 23353155 (base 6) to base 15.
e6612
-200112000020 (base 3) to base 2
-1011000111111011010
What is 9102ae (base 15) in base 8?
32210356
What is -675331 (base 9) in base 12?
-175a61
What is 122404232 (base 5) in base 9?
1100860
What is -32000012 (base 5) in base 13?
-93ba3
What is -ac5083 (base 16) in base 8?
-53050203
-621b84 (base 14) to base 12
-1136988
1204c0 (base 14) to base 11
390574
53443e (base 15) to base 9
7410445
Convert -1515420 (base 8) to base 10.
-432912
What is -60745 (base 9) in base 16?
-9c26
-4261666 (base 9) to base 6
-120544223
Convert -172274 (base 10) to base 15.
-3609e
Convert -2254670 (base 9) to base 4.
-10221023202
Convert -112012022101 (base 3) to base 8.
-1041611
dc053 (base 14) to base 9
1001285
What is -223054 (base 8) in base 16?
-1262c
What is 5637129 (base 11) in base 2?
100101101011011111111111
Convert 2232010202 (base 4) to base 16.
ae122
113178 (base 9) to base 3
10110012122
Convert 1027a (base 11) to base 16.
3a7a
Convert 370587 (base 12) to base 9.
1610214
-3aa84 (base 16) to base 13
-85487
Convert 21423310 (base 7) to base 12.
747764
-748b46 (base 12) to base 16
-1c1466
Convert -495344 (base 14) to base 5.
-1120331113
17ad0a (base 14) to base 8
3142176
Convert -641c3 (base 14) to base 6.
-5103343
47460c (base 16) to base 4
101310120030
Convert -4612034 (base 7) to base 10.
-574550
What is -14e7d (base 16) in base 3?
-11100110110
Convert -2004220220 (base 5) to base 3.
-21111000110202
What is 851b7b (base 15) in base 13?
140a0aa
Convert 246126 (base 8) to base 14.
23010
What is -32331310 (base 4) in base 9?
-103071
What is -77007 (base 9) in base 6?
-1032141
Convert -520ff (base 16) to base 7.
-2566651
Convert 606721 (base 8) to base 4.
300313101
-228705 (base 10) to base 4
-313311201
What is 17b601 (base 14) in base 7?
10060301
Convert -1842a (base 12) to base 6.
-430454
-5631434 (base 9) to base 16
-2e44ca
14002143 (base 5) to base 2
100010011001111011
Convert 101000010101101011 (base 2) to base 5.
20241402
What is 11221120212221 (base 3) in base 10?
2629420
Convert -8906ab (base 12) to base 8.
-10236343
What is 102220233120 (base 4) in base 6?
252413520
Convert 15b7a4 (base 13) to base 2.
10000011101110111110
What is 13511522 (base 7) in base 15?
19e5a5
Convert -44250b (base 12) to base 9.
-2028762
Convert -23003010 (base 4) to base 7.
-245634
Convert 2124451 (base 6) to base 9.
168574
What is 140110 (base 8) in base 6?
1015520
What is -2bd30b (base 14) in base 10?
-1534495
Convert -376553 (base 8) to base 3.
-20121220001
-1854971 (base 14) to base 11
-6881680
1894548 (base 10) to base 8
7164224
What is 2203100002 (base 5) in base 10?
4737502
What is -204535423 (base 6) in base 12?
-1251573
-1011011011010011101 (base 2) to base 7
-3116426
-5c9266 (base 13) to base 14
-41ab60
What is 1023755 (base 9) in base 8?
2055047
-bba84c (base 14) to base 9
-12874770
43076c (base 14) to base 7
25164165
Convert 31653 (base 12) to base 14.
198d1
Convert -11100100001001110 (base 2) to base 4.
-130201032
-110000110120 (base 3) to base 16
-39bf7
Convert 230331131313 (base 4) to base 16.
b3d777
655131 (base 7) to base 12
56409
What is -10110032003 (base 4) in base 11?
-703041
-1001000000011001010110 (base 2) to base 14
-456570
1b240 (base 12) to base 13
15321
-1259152 (base 10) to base 12
-508814
What is -615243 (base 8) in base 15?
-4041c
10b121 (base 12) to base 9
447567
6611a (base 12) to base 10
134950
What is -20112101011221 (base 3) in base 13?
-947227
1058245 (base 10) to base 11
663091
-1529593 (base 10) to base 15
-20332d
-4357751 (base 8) to base 15
-182158
-1120212011200 (base 3) to base 16
-cdf3b
Convert 23746024 (base 8) to base 2.
10011111100110000010100
Convert 7a590 (base 12) to base 4.
213312330
842630 (base 13) to base 9
5728652
What is -29474 (base 16) in base 5?
-20402301
What is 11674366 (base 9) in base 2?
10101110011111101011010
What is 10000111000001001111 (base 2) in base 4?
2013001033
-702735 (base 9) to base 11
-264107
179413 (base 11) to base 13
9882c
Convert 34ba0 (base 12) to base 16.
114a8
242432355 (base 6) to base 4
101210331233
What is 23102301023 (base 4) in base 11?
1742267
What is -13f0d (base 16) in base 13?
-2b23b
Convert -2742801 (base 9) to base 3.
-2211102220001
What is -27364025 (base 8) in base 2?
-10111011110100000010101
-13450247 (base 8) to base 3
-12201012122122
Convert 1327743 (base 10) to base 3.
2111110022200
101012031 (base 4) to base 12
34639
-30224423 (base 6) to base 12
-355113
Convert -130552 (base 8) to base 10.
-45418
2a3205 (base 14) to base 16
166815
What is -16403411 (base 7) in base 15?
-2186b8
What is 2b470 (base 13) in base 12?
3b5a0
122010110211012 (base 3) to base 12
306ba65
What is 1013300001 (base 4) in base 2?
1000111110000000001
-223200221 (base 4) to base 12
-87175
What is 2301345 (base 7) in base 2?
1000101111000100010
Convert 214375 (base 8) to base 14.
1c301
What is 10421100 (base 5) in base 8?
263571
251354 (base 7) to base 5
2434043
What is 72047c (base 13) in base 4?
22020222320
Convert -10111101110001001 (base 2) to base 10.
-97161
What is 27a128 (base 13) in base 3?
1211000022010
Convert -31354401 (base 7) to base 16.
-28787